{"id":2054,"date":"2026-01-21T14:13:28","date_gmt":"2026-01-21T13:13:28","guid":{"rendered":"https:\/\/growinnsalzwedel.de\/?post_type=product&#038;p=2054"},"modified":"2026-02-25T11:55:10","modified_gmt":"2026-02-25T10:55:10","slug":"led-system-titan-720-pro","status":"publish","type":"product","link":"https:\/\/growinnsalzwedel.de\/?product=led-system-titan-720-pro","title":{"rendered":"LED System Titan 720 Pro"},"content":{"rendered":"<div class=\"Y3BBE\" data-sfc-cp=\"\" data-hveid=\"CAEIARAA\" data-processed=\"true\" data-complete=\"true\"><mark class=\"HxTRcb\" data-complete=\"true\" data-sae=\"\"><strong class=\"Yjhzub\" data-complete=\"true\">\u00a0Titan 720W Pro<\/strong>\u00a0LED-System<\/mark>\u00a0ist eine hochleistungsf\u00e4hige, vollumf\u00e4ngliche LED-Pflanzenlampe, die f\u00fcr die Maximierung der Photosynthese und des Ertrags in professionellen und privaten Indoor-G\u00e4rten entwickelt wurde. Es ist bekannt f\u00fcr seine hohe Effizienz, den ger\u00e4uschlosen Betrieb und sein robustes, faltbares Design.<span class=\"uJ19be notranslate\" data-wiz-uids=\"YARbBf_e\" data-complete=\"true\" data-processed=\"true\"><span class=\"vKEkVd\" data-animation-atomic=\"\" data-wiz-attrbind=\"class=YARbBf_d\/TKHnVd\" data-sae=\"\">\u00a0<button class=\"rBl3me\" tabindex=\"0\" data-amic=\"true\" data-icl-uuid=\"dae7e6a4-c307-49fa-babc-d87d452122b8\" aria-label=\"View related links\" data-wiz-attrbind=\"disabled=YARbBf_d\/C5gNJc;aria-label=YARbBf_d\/bOjMyf;class=YARbBf_d\/UpSNec\" data-ved=\"2ahUKEwiqj_ik2pySAxX3g_0HHR3YFNkQye0OegYIAQgBEAI\"><\/button><\/span><\/span><\/div>\n<div class=\"Fsg96\" data-sfc-cp=\"\" data-complete=\"true\" data-processed=\"true\"><\/div>\n<div class=\"otQkpb\" role=\"heading\" aria-level=\"3\" data-animation-nesting=\"\" data-sfc-cp=\"\" data-processed=\"true\" data-sae=\"\" data-complete=\"true\">Hauptmerkmale<button class=\"rBl3me\" tabindex=\"0\" data-amic=\"true\" data-icl-uuid=\"d9af7a09-2c0c-49d5-92b4-5165c5b07619\" aria-label=\"View related links\" data-wiz-attrbind=\"disabled=YARbBf_h\/C5gNJc;aria-label=YARbBf_h\/bOjMyf;class=YARbBf_h\/UpSNec\" data-ved=\"2ahUKEwiqj_ik2pySAxX3g_0HHR3YFNkQye0OegYIAQgCEAA\"><\/button><\/div>\n<ul class=\"KsbFXc U6u95\" data-processed=\"true\" data-complete=\"true\">\n<li data-hveid=\"CAEIAxAA\" data-complete=\"true\" data-sae=\"\"><span class=\"T286Pc\" data-sfc-cp=\"\" data-complete=\"true\"><strong class=\"Yjhzub\" data-complete=\"true\">Vollspektrum<\/strong>: Die Lampe bietet ein volles Lichtspektrum, das breitspektrales Wei\u00df mit tiefem Rot (660 nm) kombiniert, geeignet f\u00fcr alle Phasen der Pflanzenkultivierung, von der Anzucht bis zur Bl\u00fcte. Dadurch entf\u00e4llt der Bedarf an verschiedenen Lampen f\u00fcr unterschiedliche Wachstumsstadien.<\/span><\/li>\n<li data-hveid=\"CAEIAxAB\" data-complete=\"true\" data-sae=\"\"><span class=\"T286Pc\" data-sfc-cp=\"\" data-complete=\"true\"><strong class=\"Yjhzub\" data-complete=\"true\">Hohe Effizienz<\/strong>: Es weist eine Effizienz von bis zu\u00a0<strong class=\"Yjhzub\" data-complete=\"true\">2,9 \u00b5mol\/J<\/strong>\u00a0und einen hohen Photonenfluss (PPF) von 2.008 \u00b5mol\/s auf. Dies gew\u00e4hrleistet maximal nutzbares Licht pro verbrauchtem Watt, was zu reduzierten Energiekosten und reicheren Ernten f\u00fchrt.<\/span><\/li>\n<li data-hveid=\"CAEIAxAC\" data-complete=\"true\" data-sae=\"\"><span class=\"T286Pc\" data-sfc-cp=\"\" data-complete=\"true\"><strong class=\"Yjhzub\" data-complete=\"true\">Ger\u00e4uschloser Betrieb<\/strong>: Die Leuchte verf\u00fcgt \u00fcber ein\u00a0<strong class=\"Yjhzub\" data-complete=\"true\">l\u00fcfterloses, passives K\u00fchlsystem<\/strong>\u00a0mit einer durchgehenden Aluminium-K\u00fchlfl\u00e4che, was einen v\u00f6llig ger\u00e4uschlosen und wartungsfreien Betrieb sicherstellt.<\/span><\/li>\n<li data-hveid=\"CAEIAxAD\" data-complete=\"true\" data-sae=\"\"><span class=\"T286Pc\" data-sfc-cp=\"\" data-complete=\"true\"><strong class=\"Yjhzub\" data-complete=\"true\">Integrierte Steuerung<\/strong>: Ein integrierter 0\u201310V Dimmer mit voreingestellten Stufen (25%, 50%, 75% und 100%) erm\u00f6glicht die vollst\u00e4ndige Kontrolle \u00fcber die Lichtintensit\u00e4t. Zudem sind RJ12-Anschl\u00fcsse f\u00fcr das Daisy-Chaining (Serienschaltung) mehrerer Einheiten (bis zu 30) und den Anschluss an externe Steuerger\u00e4te vorhanden.<\/span><\/li>\n<li data-hveid=\"CAEIAxAE\" data-complete=\"true\" data-sae=\"\"><span class=\"T286Pc\" data-sfc-cp=\"\" data-complete=\"true\"><strong class=\"Yjhzub\" data-complete=\"true\">Robustes und faltbares Design<\/strong>: Das Geh\u00e4use mit 6 Lichtleisten kann f\u00fcr eine einfache, flache Lagerung und Transport zusammengeklappt werden. Die Einheit ist IP65-zertifiziert, was bedeutet, dass sie resistent gegen Staub, Feuchtigkeit und Spritzwasser ist und sich somit f\u00fcr anspruchsvolle Gew\u00e4chshaus- oder Innenumgebungen eignet.<\/span><span class=\"uJ19be notranslate\" data-wiz-uids=\"YARbBf_12\" data-complete=\"true\"><span class=\"vKEkVd\" data-animation-atomic=\"\" data-wiz-attrbind=\"class=YARbBf_11\/TKHnVd\" data-sae=\"\">\u00a0<button class=\"rBl3me\" tabindex=\"0\" data-amic=\"true\" data-icl-uuid=\"345734c4-5dcf-4e9f-a753-477322049571\" aria-label=\"View related links\" data-wiz-attrbind=\"disabled=YARbBf_11\/C5gNJc;aria-label=YARbBf_11\/bOjMyf;class=YARbBf_11\/UpSNec\" data-ved=\"2ahUKEwiqj_ik2pySAxX3g_0HHR3YFNkQye0OegYIAQgDEAU\"><\/button><\/span><\/span><\/li>\n<\/ul>\n<div class=\"Fsg96\" data-sfc-cp=\"\" data-complete=\"true\" data-processed=\"true\"><\/div>\n<div class=\"otQkpb\" role=\"heading\" aria-level=\"3\" data-animation-nesting=\"\" data-sfc-cp=\"\" data-processed=\"true\" data-sae=\"\" data-complete=\"true\">Technische Daten<button class=\"rBl3me\" tabindex=\"0\" data-amic=\"true\" data-icl-uuid=\"7468dae4-0b11-4735-8668-d286bbf829a7\" aria-label=\"View related links\" data-wiz-attrbind=\"disabled=YARbBf_15\/C5gNJc;aria-label=YARbBf_15\/bOjMyf;class=YARbBf_15\/UpSNec\" data-ved=\"2ahUKEwiqj_ik2pySAxX3g_0HHR3YFNkQye0OegYIAQgEEAA\"><\/button><\/div>\n<div class=\"Fsg96\" data-sfc-cp=\"\" data-processed=\"true\" data-complete=\"true\"><\/div>\n<div class=\"Fv6NCb\" data-sfc-cp=\"\" data-ved=\"2ahUKEwiqj_ik2pySAxX3g_0HHR3YFNkQ-q4QegYIAQgFEAA\" data-processed=\"true\" data-complete=\"true\">\n<table class=\"NRefec\" data-animation-nesting=\"\" data-complete=\"true\" data-sae=\"\">\n<tbody data-complete=\"true\">\n<tr class=\"cZCYO\" data-sfc-cp=\"\" data-complete=\"true\">\n<th class=\"iry6k\" colspan=\"undefined\" data-sfc-cp=\"\" data-complete=\"true\"><strong class=\"Yjhzub\" data-complete=\"true\">Spezifikation<\/strong><span class=\"uJ19be notranslate\" data-wiz-uids=\"YARbBf_1d\" data-complete=\"true\"><span class=\"vKEkVd\" data-animation-atomic=\"\" data-wiz-attrbind=\"class=YARbBf_1c\/TKHnVd\" data-sae=\"\">\u00a0<button class=\"rBl3me\" tabindex=\"0\" data-amic=\"true\" data-icl-uuid=\"90dc6ee6-49b0-477a-88d9-dc10599036ed\" aria-label=\"View related links\" data-wiz-attrbind=\"disabled=YARbBf_1c\/C5gNJc;aria-label=YARbBf_1c\/bOjMyf;class=YARbBf_1c\/UpSNec\" data-ved=\"2ahUKEwiqj_ik2pySAxX3g_0HHR3YFNkQye0OegYIAQgFEAE\"><\/button><\/span><\/span><\/th>\n<th class=\"iry6k\" colspan=\"undefined\" data-sfc-cp=\"\" data-complete=\"true\"><strong class=\"Yjhzub\" data-complete=\"true\">Wert<\/strong><\/th>\n<\/tr>\n<tr class=\"cZCYO\" data-sfc-cp=\"\" data-complete=\"true\">\n<td class=\"cOeeGf\" colspan=\"undefined\" data-sfc-cp=\"\" data-complete=\"true\"><strong class=\"Yjhzub\" data-complete=\"true\">Nennleistung<\/strong><\/td>\n<td class=\"cOeeGf\" colspan=\"undefined\" data-sfc-cp=\"\" data-complete=\"true\">720 W<\/td>\n<\/tr>\n<tr class=\"cZCYO\" data-sfc-cp=\"\" data-complete=\"true\">\n<td class=\"cOeeGf\" colspan=\"undefined\" data-sfc-cp=\"\" data-complete=\"true\"><strong class=\"Yjhzub\" data-complete=\"true\">Effizienz<\/strong><\/td>\n<td class=\"cOeeGf\" colspan=\"undefined\" data-sfc-cp=\"\" data-complete=\"true\">Bis zu 2,9 \u00b5mol\/J<\/td>\n<\/tr>\n<tr class=\"cZCYO\" data-sfc-cp=\"\" data-complete=\"true\">\n<td class=\"cOeeGf\" colspan=\"undefined\" data-sfc-cp=\"\" data-complete=\"true\"><strong class=\"Yjhzub\" data-complete=\"true\">PPF<\/strong><\/td>\n<td class=\"cOeeGf\" colspan=\"undefined\" data-sfc-cp=\"\" data-complete=\"true\">2.008 \u00b5mol\/s<\/td>\n<\/tr>\n<tr class=\"cZCYO\" data-sfc-cp=\"\" data-complete=\"true\">\n<td class=\"cOeeGf\" colspan=\"undefined\" data-sfc-cp=\"\" data-complete=\"true\"><strong class=\"Yjhzub\" data-complete=\"true\">Eingangsspannung<\/strong><\/td>\n<td class=\"cOeeGf\" colspan=\"undefined\" data-sfc-cp=\"\" data-complete=\"true\">200\u2013277 V AC, 50\/60 Hz<\/td>\n<\/tr>\n<tr class=\"cZCYO\" data-sfc-cp=\"\" data-complete=\"true\">\n<td class=\"cOeeGf\" colspan=\"undefined\" data-sfc-cp=\"\" data-complete=\"true\"><strong class=\"Yjhzub\" data-complete=\"true\">Anzahl der LED-Leisten<\/strong><\/td>\n<td class=\"cOeeGf\" colspan=\"undefined\" data-sfc-cp=\"\" data-complete=\"true\">6<\/td>\n<\/tr>\n<tr class=\"cZCYO\" data-sfc-cp=\"\" data-complete=\"true\">\n<td class=\"cOeeGf\" colspan=\"undefined\" data-sfc-cp=\"\" data-complete=\"true\"><strong class=\"Yjhzub\" data-complete=\"true\">Abmessungen (ausgefaltet)<\/strong><\/td>\n<td class=\"cOeeGf\" colspan=\"undefined\" data-sfc-cp=\"\" data-complete=\"true\">1.080 \u00d7 1.080 \u00d7 45 mm<\/td>\n<\/tr>\n<tr class=\"cZCYO\" data-sfc-cp=\"\" data-complete=\"true\">\n<td class=\"cOeeGf\" colspan=\"undefined\" data-sfc-cp=\"\" data-complete=\"true\"><strong class=\"Yjhzub\" data-complete=\"true\">Nettogewicht<\/strong><\/td>\n<td class=\"cOeeGf\" colspan=\"undefined\" data-sfc-cp=\"\" data-complete=\"true\">Ca. 12,8 kg<\/td>\n<\/tr>\n<tr class=\"cZCYO\" data-sfc-cp=\"\" data-complete=\"true\">\n<td class=\"cOeeGf\" colspan=\"undefined\" data-sfc-cp=\"\" data-complete=\"true\"><strong class=\"Yjhzub\" data-complete=\"true\">Schutzart<\/strong><\/td>\n<td class=\"cOeeGf\" colspan=\"undefined\" data-sfc-cp=\"\" data-complete=\"true\">IP65<\/td>\n<\/tr>\n<tr class=\"cZCYO\" data-sfc-cp=\"\" data-complete=\"true\">\n<td class=\"cOeeGf\" colspan=\"undefined\" data-sfc-cp=\"\" data-complete=\"true\"><strong class=\"Yjhzub\" data-complete=\"true\">Zertifizierungen<\/strong><\/td>\n<td class=\"cOeeGf\" colspan=\"undefined\" data-sfc-cp=\"\" data-complete=\"true\">CE, RoHS<\/td>\n<\/tr>\n<\/tbody>\n<\/table>\n<\/div>\n<div class=\"Fsg96\" data-sfc-cp=\"\" data-complete=\"true\" data-processed=\"true\"><\/div>\n<div class=\"otQkpb\" role=\"heading\" aria-level=\"3\" data-animation-nesting=\"\" data-sfc-cp=\"\" data-complete=\"true\" data-processed=\"true\" data-sae=\"\">Verwendungszweck<button class=\"rBl3me\" tabindex=\"0\" data-amic=\"true\" data-icl-uuid=\"b9d067fc-d6c5-4f3e-ae6e-9bc415577c87\" aria-label=\"View related links\" data-wiz-attrbind=\"disabled=YARbBf_2i\/C5gNJc;aria-label=YARbBf_2i\/bOjMyf;class=YARbBf_2i\/UpSNec\" data-ved=\"2ahUKEwiqj_ik2pySAxX3g_0HHR3YFNkQye0OegYIAQgGEAA\"><\/button><\/div>\n<div class=\"Y3BBE\" data-sfc-cp=\"\" data-hveid=\"CAEIBxAA\" data-complete=\"true\" data-processed=\"true\">Die Solux Titan 720W Pro ist f\u00fcr den Einsatz in einer Anbaufl\u00e4che von etwa 1,5 m x 1,5 m bis 1,8 m x 1,8 m konzipiert. Sie bietet eine hervorragende Lichtgleichm\u00e4\u00dfigkeit ohne Hot Spots und verbessert sowohl die Quantit\u00e4t als auch die Qualit\u00e4t der Ernte f\u00fcr private und kommerzielle Anlagen.<\/div>\n","protected":false},"excerpt":{"rendered":"<p>\u00a0Titan 720W Pro\u00a0LED-System\u00a0ist eine hochleistungsf\u00e4hige, vollumf\u00e4ngliche LED-Pflanzenlampe, die f\u00fcr die Maximierung der Photosynthese und des Ertrags in professionellen und privaten [&hellip;]<\/p>\n","protected":false},"featured_media":2055,"comment_status":"open","ping_status":"closed","template":"","meta":{"site-sidebar-layout":"default","site-content-layout":"","ast-site-content-layout":"default","site-content-style":"default","site-sidebar-style":"default","ast-global-header-display":"","ast-banner-title-visibility":"","ast-main-header-display":"","ast-hfb-above-header-display":"","ast-hfb-below-header-display":"","ast-hfb-mobile-header-display":"","site-post-title":"","ast-breadcrumbs-content":"","ast-featured-img":"","footer-sml-layout":"","ast-disable-related-posts":"","theme-transparent-header-meta":"default","adv-header-id-meta":"","stick-header-meta":"","header-above-stick-meta":"","header-main-stick-meta":"","header-below-stick-meta":"","astra-migrate-meta-layouts":"set","ast-page-background-enabled":"default","ast-page-background-meta":{"desktop":{"background-color":"var(--ast-global-color-4)","background-image":"","background-repeat":"repeat","background-position":"center center","background-size":"auto","background-attachment":"scroll","background-type":"","background-media":"","overlay-type":"","overlay-color":"","overlay-opacity":"","overlay-gradient":""},"tablet":{"background-color":"","background-image":"","background-repeat":"repeat","background-position":"center center","background-size":"auto","background-attachment":"scroll","background-type":"","background-media":"","overlay-type":"","overlay-color":"","overlay-opacity":"","overlay-gradient":""},"mobile":{"background-color":"","background-image":"","background-repeat":"repeat","background-position":"center center","background-size":"auto","background-attachment":"scroll","background-type":"","background-media":"","overlay-type":"","overlay-color":"","overlay-opacity":"","overlay-gradient":""}},"ast-content-background-meta":{"desktop":{"background-color":"var(--ast-global-color-5)","background-image":"","background-repeat":"repeat","background-position":"center center","background-size":"auto","background-attachment":"scroll","background-type":"","background-media":"","overlay-type":"","overlay-color":"","overlay-opacity":"","overlay-gradient":""},"tablet":{"background-color":"var(--ast-global-color-5)","background-image":"","background-repeat":"repeat","background-position":"center center","background-size":"auto","background-attachment":"scroll","background-type":"","background-media":"","overlay-type":"","overlay-color":"","overlay-opacity":"","overlay-gradient":""},"mobile":{"background-color":"var(--ast-global-color-5)","background-image":"","background-repeat":"repeat","background-position":"center center","background-size":"auto","background-attachment":"scroll","background-type":"","background-media":"","overlay-type":"","overlay-color":"","overlay-opacity":"","overlay-gradient":""}}},"product_brand":[],"product_cat":[15],"product_tag":[],"class_list":{"0":"post-2054","1":"product","2":"type-product","3":"status-publish","4":"has-post-thumbnail","6":"product_cat-lights","7":"desktop-align-left","8":"tablet-align-left","9":"mobile-align-left","11":"first","12":"instock","13":"taxable","14":"shipping-taxable","15":"purchasable","16":"product-type-simple"},"_links":{"self":[{"href":"https:\/\/growinnsalzwedel.de\/index.php?rest_route=\/wp\/v2\/product\/2054","targetHints":{"allow":["GET"]}}],"collection":[{"href":"https:\/\/growinnsalzwedel.de\/index.php?rest_route=\/wp\/v2\/product"}],"about":[{"href":"https:\/\/growinnsalzwedel.de\/index.php?rest_route=\/wp\/v2\/types\/product"}],"replies":[{"embeddable":true,"href":"https:\/\/growinnsalzwedel.de\/index.php?rest_route=%2Fwp%2Fv2%2Fcomments&post=2054"}],"wp:featuredmedia":[{"embeddable":true,"href":"https:\/\/growinnsalzwedel.de\/index.php?rest_route=\/wp\/v2\/media\/2055"}],"wp:attachment":[{"href":"https:\/\/growinnsalzwedel.de\/index.php?rest_route=%2Fwp%2Fv2%2Fmedia&parent=2054"}],"wp:term":[{"taxonomy":"product_brand","embeddable":true,"href":"https:\/\/growinnsalzwedel.de\/index.php?rest_route=%2Fwp%2Fv2%2Fproduct_brand&post=2054"},{"taxonomy":"product_cat","embeddable":true,"href":"https:\/\/growinnsalzwedel.de\/index.php?rest_route=%2Fwp%2Fv2%2Fproduct_cat&post=2054"},{"taxonomy":"product_tag","embeddable":true,"href":"https:\/\/growinnsalzwedel.de\/index.php?rest_route=%2Fwp%2Fv2%2Fproduct_tag&post=2054"}],"curies":[{"name":"wp","href":"https:\/\/api.w.org\/{rel}","templated":true}]}}